 is the remainder when 287 is divided by y?
2
Let d be -3 - ((-7)/1)/1. Suppose o = -d + 17. Let n(s) = 38*s**3 - 2*s**2 + 3*s - 2. What is the remainder when n(1) is divided by o?
11
Let u = -2405 - -2439. What is the remainder when 337 is divided by u?
31
Suppose 129 - 74 = 11*y. Suppose 95 = 5*z - 4*b, 0*b = -y*z - b + 95. Calculate the remainder when z is divided by 7.
5
Suppose 2*a = 3*v - 638, -40*v + a = -36*v - 859. What is the remainder when v is divided by 203?
13
Let b = -879 - -2440. Suppose -b = -36*j + 455. What is the remainder when j is divided by 23?
10
Let m be ((-280)/(-12))/2 + 12/(-18). Let s(p) = -2*p + 31. Calculate the remainder when 134 is divided by s(m).
8
Let l = 15 + 29. Suppose 64 = 4*d + l. Calculate the remainder when 118 is divided by d.
3
Suppose 0 = 33*o - 2785 - 581. Calculate the remainder when o is divided by (1 + 0)/((-12)/(-324)).
21
Let u(f) = 1. Let h(j) = -2*j - 68. Let l(v) = -h(v) - 2*u(v). Suppose -130*a = -124*a + 36. Calculate the remainder when 212 is divided by l(a).
50
Let h be (1 - -3) + (-15 - -6). Let t = h + 2. Calculate the remainder when -16*t*8/12 is divided by 9.
5
Let k = 15 + -3. Suppose -2*h - 26 = -3*b + 92, 199 = 5*b - h. Suppose b*f + 60 = 43*f. Calculate the remainder when f is divided by k.
8
Suppose 240 = -4*r + 3*v, -5*v + 335 = -5*r - 10*v. Let s = -203 + 115. Let w = r - s. What is the remainder when 45 is divided by w?
20
Let p = -30 - -54. Suppose 40 = i - p. Suppose -3*n + 5*n - i = 0. What is the remainder when 93 is divided by n?
29
Suppose 0 = 5*f - 4*x - 461, -f + 0*x = -4*x - 89. Calculate the remainder when 431 is divided by f.
59
Suppose 33*p = p - 5344. Let a = -121 - p. Calculate the remainder when a is divided by 8.
6
Suppose 5*p + 2 = -68. Let a = -12 - p. Suppose -2*o + 16 = a*c, 0*c + 4*o = 3*c - 10. Calculate the remainder when 23 is divided by c.
5
Let w = 3596 + -3575. Calculate the remainder when 648 is divided by w.
18
Suppose 0 = -4*a - 4*c + 1336, c = a - 160 - 166. Calculate the remainder when a is divided by 122.
86
What is the remainder when 15927 is divided by (44*7/(-56))/(2/(-8))?
21
Suppose 0 = 349*m - 879*m - 288*m + 309204. Calculate the remainder when m is divided by 272.
106
Let l = -911 + 935. Calculate the remainder when 2147 is divided by l.
11
Suppose 0 = 17*x - 24*x + 77. Suppose 0 = -3*w + x*w - 1256. What is the remainder when w is divided by 40?
37
Let s be 5/(-1)*2037/105. Let f = -50 - s. What is the remainder when f is divided by 12?
11
Let n(l) = 24*l**2 - 19*l - 38. Suppose 25 = r + x, 5*r - 126 = -0*x - 4*x. Let i = r + -1. What is the remainder when n(-2) is divided by i?
21
Let t = 6213 + -5953. What is the remainder when 1566 is divided by t?
6
Suppose 0 = -6*v + 2*v + 100. Suppose 5*w = v, -4*b + 10 + 184 = 2*w. Calculate the remainder when b is divided by (198/(-22))/((-9)/12).
10
Suppose -2*d + 5*w + 265 = 0, 3*d + 5*w = 98 + 287. Calculate the remainder when d is divided by 10.
0
Let r(l) = -38*l - 101. Let b be r(12). Let m = b - -925. Suppose -3*f = f - 212. What is the remainder when m is divided by f?
50
Let q = -308 + 312. Suppose 1 = u + 3*d, q*u - 5*d + 25 = 8*u. Calculate the remainder when 179 is divided by u.
9
Let p = 2637 - 2344. Calculate the remainder when p is divided by 278.
15
Calculate the remainder when (-13 + 363/(-55))/(4/(-30)) is divided by 65.
17
What is the remainder when (-922)/4*-2 + -724 + 721 is divided by 155?
148
Let o = 110 - 66. Suppose 5*h + 4*z = 3*z + o, -5*h = 4*z - 41. Suppose -66 = h*p - 15*p. What is the remainder when 30 is divided by p?
8
Suppose 3*f = -14 + 23. Suppose n + r + 34 = 2*n, -64 = -2*n + f*r. What is the remainder when 126 is divided by n?
12
Suppose -8*y = 2*y - 120. Let u be 3*1*(52/y - 3). Suppose 0*k + u*k = -4*t + 64, 0 = k - 3*t - 36. What is the remainder when 61 is divided by k?
19
What is the remainder when 7464/40 - 4/(-10) is divided by -1*1/((21/(-14))/(59 - 2))?
35
Suppose -6*d = g - 5*d - 149, -d + 439 = 3*g. What is the remainder when 184 is divided by g?
39
Let g(j) = 5*j - 10. Let m be 9*2/2 - 1. Let u = 4572 - 4556. Calculate the remainder when g(m) is divided by u.
14
Let k(a) = a**3 + 15*a**2 + 4*a + 75. Suppose 2*v - 517 = -547. Calculate the remainder when 117 is divided by k(v).
12
Suppose 23*i - 72 = -3. Calculate the remainder when 249/i*(-10)/(-10) is divided by 18.
11
Let i = 27920 - 24074. What is the remainder when i is divided by 26?
24
Suppose -6 = 3*y, -4*m - 3*y + 74 = 24. Calculate the remainder when (-7)/m*(-726 + -1 + 5) is divided by 28.
25
What is the remainder when 24/(-360) + -2*33486/(-180) is divided by 64?
52
Suppose 4769 = -13*r + 56431. Calculate the remainder when r is divided by 78.
74
Let m(k) = 7*k - 2. Let s be (-4)/(-26) - 315/(-65). Suppose -s*c = -c - 56. What is the remainder when m(6) is divided by c?
12
Suppose -3*r + 573 = -5790. What is the remainder when r is divided by 59?
56
Suppose -2*o + 469 = -c - 107, -6*o - 4*c = -1770. Calculate the remainder when o is divided by 11.
5
Calculate the remainder when 10842/4 - (-1472)/(-128) is divided by 36.
35
Suppose 2 = -7*v + 9*v. Let p be v - 1 - (2 - 6). Suppose 4*s + 4*n - 292 = 0, -p*s = s - 3*n - 357. What is the remainder when s is divided by 37?
35
Calculate the remainder when 123208/12 + (58/6 - 10) is divided by 34.
33
Let l be (3 + 6 + -8)*1. What is the remainder when -3*l + 2 + 152/2 is divided by 40?
35
Let v(x) = -2*x**2 - 4*x + 30. Let h(u) = -2*u**2 - 6*u + 31. Let w(o) = 3*h(o) - 4*v(o). What is the remainder when 61 is divided by w(6)?
28
Let p(n) = 6*n + 18. Let r be p(-11). Calculate the remainder when (-64)/r*22*3 is divided by 314/7 - ((-10)/14)/5.
43
Let o(f) = f**2 + 20*f + 79. Calculate the remainder when 201 is divided by o(-5).
1
Suppose 57*o - 951 + 111 = -3*o. Calculate the remainder when 94 is divided by o.
10
Suppose 0*x = 6*x + 102. Suppose 4*a = -22 + 74. Calculate the remainder when a is divided by (16 + x)/(0 + (-2)/18).
4
Let m(z) = -4*z**3 - 24*z**2 + 30. Let d(l) = 3*l**3 + 22*l**2 - l - 29. Let i(n) = 3*d(n) + 2*m(n). What is the remainder when i(-18) is divided by 15?
12
Suppose 3*i - 6*y = -y + 35, -2*i + 17 = 3*y. Calculate the remainder when (-78)/(-12285)*45 - (1060/(-14) + -2) is divided by i.
8
Let d(r) = r**3 + 12*r**2 - 28*r + 2. Let z be d(-14). Suppose z*y - 24 = -4*u + 112, 4*u = 2*y + 128. What is the remainder when u is divided by 32?
1
Suppose -66 = -116*j + 114*j. Let r be ((-93)/(-9))/((-3)/(-9)). Let n = r - 13. Calculate the remainder when j is divided by n.
15
Suppose 0 = -t - 4, -12*t - 468 = -3*s - 15*t. Calculate the remainder when s is divided by 45.
25
Let b = -8281 - -8406. Suppose 0 = -4*l + 3*l + 4*x, 4*l - 30 = x. Suppose 4*k = 56 + l. What is the remainder when b is divided by k?
13
Suppose 5*j - n - 245 = 61, -n - 6 = 0. What is the remainder when 109 is divided by j?
49
Let h = -88 + 116. Let j = h - -60. Suppose -3*l = -5*v + 117, -13*v + 9*v + 100 = 4*l. Calculate the remainder when j is divided by v.
16
Suppose 25286 = -107*z + 65138 + 37295. Calculate the remainder when z is divided by 19.
18
Suppose 31*d = 27*d - 2*c + 2372, -d + 584 = 5*c. Suppose 6*b = -16*b + d. Calculate the remainder when 430 is divided by b.
25
What is the remainder when 625 + -36*18/54 + (1 - -6) is divided by 69?
68
Let o(z) = -19*z + 2. Let b be (-60)/14 - (-2)/7. Calculate the remainder when o(b) is divided by ((-2560)/(-48))/20*(1 - (-22)/8).
8
Suppose 2*j - 6716 = 2*h, -20*j + 21*j - 3383 = -4*h. What is the remainder when j is divided by 29?
28
Suppose 166*n - 35464 = 78*n. Calculate the remainder when n is divided by 136.
131
Let k(w) = -461*w + 25 + 924*w - 458*w + w**3 + 8*w**2. Calculate the remainder when 76 is divided by k(-6).
9
Let a = 8 - -5. Suppose -8*o + a*o - 5 = 0. Calculate the remainder when 28 + (-2 - o) + (0 - -1) is divided by 9.
8
Let r(q) be the first derivative of -7*q**2/2 - 3*q + 11. Suppose -4*o + 4*y = -72 - 216, -6 = 2*y. Calculate the remainder when o is divided by r(-3).
15
What is the remainder when 428 is divided by (-14)/(-6)*(-42)/(-28)*(-320)/(-16)?
8
Let h(s) = -10*s + 264. Let v be h(26). Suppose v*t = -2*m + 82, 102 = 3*m - 2*t + t. Calculate the remainder when m is div